{"id":200,"date":"2021-04-06T08:41:00","date_gmt":"2021-04-06T07:41:00","guid":{"rendered":"http:\/\/www.psicologiasexologiamallorca.com\/?page_id=200"},"modified":"2024-11-14T06:41:48","modified_gmt":"2024-11-14T06:41:48","slug":"cookies","status":"publish","type":"page","link":"https:\/\/psicologiainfantilmallorca.com\/catala\/cookies\/","title":{"rendered":"Pol\u00edtica de Cookies"},"content":{"rendered":"\n<p><strong>POL\u00cdTICA DE COOKIES Y ALMACENAMIENTO LOCAL<\/strong><\/p>\n\n\n\n<p><strong>Pol\u00edtica de cookies:<\/strong><\/p>\n\n\n\n<p>Seg\u00fan la Ley 34\/2002, de 11 de julio, de Servicios de la Sociedad de la Informaci\u00f3n y Comercio Electr\u00f3nico le informamos de que este sitio web usa Cookies para mejorar y optimizar la experiencia del usuario. A continuaci\u00f3n encontrar\u00e1 informaci\u00f3n detallada sobre qu\u00e9 son las \u201cCookies\u201d, qu\u00e9 tipolog\u00eda utiliza este sitio web, c\u00f3mo cambiar la configuraci\u00f3n de sus cookies, y qu\u00e9 ocurre si las deshabilita.<\/p>\n\n\n\n<p><strong>\u00bfQu\u00e9 son las cookies?<\/strong><\/p>\n\n\n\n<p>Una cookie es un fichero que se descarga en su ordenador al acceder a determinadas p\u00e1ginas web. Las cookies permiten a una p\u00e1gina web, entre otras cosas, almacenar y recuperar informaci\u00f3n sobre los h\u00e1bitos de navegaci\u00f3n de un usuario o de su equipo y, dependiendo de la informaci\u00f3n que contengan y de la forma en que utilice su equipo, pueden utilizarse para reconocer al usuario.<\/p>\n\n\n\n<p><strong>\u00bfQu\u00e9 tipos de cookies utiliza esta p\u00e1gina web?<\/strong><\/p>\n\n\n\n<ul class=\"wp-block-list\"><li><strong>Seg\u00fan la entidad que las gestione, las cookies pueden ser:<\/strong><\/li><li><strong>Cookies propias<\/strong>: Son aquellas que se env\u00edan al equipo terminal del interesado desde un equipo o dominio gestionado por el propio editor y desde el que se presta el servicio solicitado por el usuario.<\/li><li><strong>Cookies de terceros:<\/strong> Son aquellas que se env\u00edan al equipo terminal del usuario desde un equipo o dominio que no es gestionado por el editor, sino por otra entidad que trata los datos obtenidos a trav\u00e9s de las cookies.<\/li><\/ul>\n\n\n\n<p>El Sitio Web utiliza tanto cookies propias como de terceros.<\/p>\n\n\n\n<ul class=\"wp-block-list\"><li><strong>Seg\u00fan el plazo de tiempo que permanecen activadas:<\/strong><\/li><li><strong>Cookies de sesi\u00f3n:<\/strong> Son un tipo de cookies dise\u00f1adas para recabar y almacenar datos mientras el usuario accede a una p\u00e1gina web. Se suelen emplear para almacenar informaci\u00f3n que solo interesa conservar para la prestaci\u00f3n del servicio solicitado por el usuario en una sola ocasi\u00f3n (p.ej. una lista de productos adquiridos).<\/li><li><strong>Cookies persistentes:<\/strong> Son un tipo de cookies en el que los datos siguen almacenados en el terminal y pueden ser accedidos y tratados durante un periodo definido por el responsable de la cookie, y que puede ir de unos minutos a varios a\u00f1os.<\/li><\/ul>\n\n\n\n<p>El Sitio Web utiliza tanto cookies persistentes como cookies de sesi\u00f3n.<\/p>\n\n\n\n<ul class=\"wp-block-list\"><li>\u00bfPara qu\u00e9 finalidades pueden ser utilizadas las cookies de la web?<\/li><\/ul>\n\n\n\n<ul class=\"wp-block-list\"><li><strong>Cookies t\u00e9cnicas:<\/strong> Son aqu\u00e9llas que permiten al usuario la navegaci\u00f3n a trav\u00e9s de una p\u00e1gina web, plataforma o aplicaci\u00f3n y la utilizaci\u00f3n de las diferentes opciones o servicios que en ella existan como, por ejemplo, controlar el tr\u00e1fico y la comunicaci\u00f3n de datos, identificar la sesi\u00f3n, acceder a partes de acceso restringido, recordar los elementos que integran un pedido, realizar el proceso de compra de un pedido, realizar la solicitud de inscripci\u00f3n o participaci\u00f3n en un evento, utilizar elementos de seguridad durante la navegaci\u00f3n, almacenar contenidos para la difusi\u00f3n de videos o sonido o compartir contenidos a trav\u00e9s de redes sociales.<\/li><li><strong>Cookies de personalizaci\u00f3n:<\/strong> Son aqu\u00e9llas que permiten al usuario acceder al servicio con algunas caracter\u00edsticas de car\u00e1cter general predefinidas en funci\u00f3n de una serie de criterios en el terminal del usuario como por ejemplo serian el idioma, el tipo de navegador a trav\u00e9s del cual accede al servicio, la configuraci\u00f3n regional desde donde accede al servicio, etc.<\/li><li><strong>Cookies de an\u00e1lisis:<\/strong> Son aqu\u00e9llas que permiten al responsable de las mismas, el seguimiento y an\u00e1lisis del comportamiento de los usuarios de los sitios web a los que est\u00e1n vinculadas. La informaci\u00f3n recogida mediante este tipo de cookies se utiliza en la medici\u00f3n de la actividad de los sitios web, aplicaci\u00f3n o plataforma y para la elaboraci\u00f3n de perfiles de navegaci\u00f3n de los usuarios de dichos sitios, aplicaciones y plataformas, con el fin de introducir mejoras en funci\u00f3n del an\u00e1lisis de los datos de uso que hacen los usuarios del servicio.<\/li><li><strong>Cookies publicitarias:<\/strong> Son aqu\u00e9llas que permiten la gesti\u00f3n, de la forma m\u00e1s eficaz posible, de los espacios publicitarios que, en su caso, el editor haya incluido en una p\u00e1gina web, aplicaci\u00f3n o plataforma desde la que presta el servicio solicitado en base a criterios como el contenido editado o la frecuencia en la que se muestran los anuncios.<\/li><li><strong>Cookies de publicidad comportamental:<\/strong> Son aqu\u00e9llas que permiten la gesti\u00f3n, de la forma m\u00e1s eficaz posible, de los espacios publicitarios que, en su caso, el editor haya incluido en una p\u00e1gina web, aplicaci\u00f3n o plataforma desde la que presta el servicio solicitado. Estas cookies almacenan informaci\u00f3n del comportamiento de los usuarios obtenida a trav\u00e9s de la observaci\u00f3n continuada de sus h\u00e1bitos de navegaci\u00f3n, lo que permite desarrollar un perfil espec\u00edfico para mostrar publicidad en funci\u00f3n del mismo.<\/li><\/ul>\n\n\n\n<p><strong>Cookies propias<\/strong><\/p>\n\n\n\n<figure class=\"wp-block-table\"><table><tbody><tr><td><strong>Nombre<\/strong><\/td><td><strong>Dominio<\/strong><\/td><td><strong>Duraci\u00f3n<\/strong><\/td><\/tr><tr><td>ANnoElGaWR_<\/td><td>psicologiainfantilmallorca.com<\/td><td>al d\u00eda<\/td><\/tr><tr><td>ZeDOrRxVc<\/td><td>psicologiainfantilmallorca.com<\/td><td>al d\u00eda<\/td><\/tr><tr><td>OPQjcGKa_TCntuSv<\/td><td>psicologiainfantilmallorca.com<\/td><td>al d\u00eda<\/td><\/tr><tr><td>dQ_tKeuinJgZhFWM<\/td><td>psicologiainfantilmallorca.com<\/td><td>al d\u00eda<\/td><\/tr><tr><td>joinchat_views<\/td><td>psicologiainfantilmallorca.com<\/td><td>al d\u00eda<\/td><\/tr><\/tbody><\/table><\/figure>\n\n\n\n<p><strong>Cookies de Terceros<\/strong><\/p>\n\n\n\n<figure class=\"wp-block-table\"><table><tbody><tr><td><strong>Nombre<\/strong><\/td><td><strong>Descripci\u00f3n<\/strong><\/td><td><strong>Proveedor<\/strong><\/td><td><strong>informaci\u00f3n<\/strong><\/td><\/tr><tr><td>Google Analytics<\/td><td>Cookies de Google Analytics. Generan un ID de usuario an\u00f3nimo, que es el que se utiliza para hacer recuento de cuantas veces visita el sitio un usuario. Tambi\u00e9n registra cuando fue la primera y la \u00faltima vez que visit\u00f3 la web. Asimismo, calcula cuando se ha terminado una sesi\u00f3n, origen del usuario, y keywords.<br><\/td><td>Google<\/td><td><a href=\"https:\/\/developers.google.com\/analytics?hl=es-419\"><strong>Ver<\/strong><\/a><\/td><\/tr><\/tbody><\/table><\/figure>\n\n\n\n<p><strong>\u00bfQu\u00e9 ocurre si se deshabilitan las Cookies?<\/strong><\/p>\n\n\n\n<p>Algunas funcionalidades de los Servicios y \u00e1reas de este sitio web podr\u00edan no funcionar correctamente si se deshabilitan las cookies.<\/p>\n\n\n\n<p><strong>\u00bfActualizamos nuestra Pol\u00edtica de Cookies?<\/strong><\/p>\n\n\n\n<p>Es posible que actualicemos la Pol\u00edtica de Cookies de nuestra p\u00e1gina web, por ello le recomendamos revisar esta pol\u00edtica cada vez que acceda a nuestro sitio web con el objetivo de estar adecuadamente informado sobre c\u00f3mo y para qu\u00e9 usamos las cookies.<\/p>\n\n\n\n<p><strong>\u00bfC\u00f3mo puede configurar y\/o rechazar sus Cookies?<\/strong><\/p>\n\n\n\n<p>Al clickar en \u201cENTENDIDO\u201d y continuar en nuestro sitio web, estar\u00e1 consintiendo el uso de las Cookies en las condiciones contenidas en la presente Pol\u00edtica de Cookies. Usted como usuario tiene la posibilidad de ejercer su derecho a bloquear, eliminar y rechazar el uso de Cookies, en todo momento, modificando las opciones de su navegador. Por ejemplo:<\/p>\n\n\n\n<ul class=\"wp-block-list\"><li><strong>Microsoft Edge<\/strong>: Configuraci\u00f3n&gt; Configuraci\u00f3n Avanzada&gt; Cookies.<\/li><\/ul>\n\n\n\n<p>Consulta el<a href=\"http:\/\/windows.microsoft.com\/es-ES\/windows\/support\"> soporte de Microsoft<\/a> o la Ayuda del navegador.<\/p>\n\n\n\n<ul class=\"wp-block-list\"><li><strong>Mozilla Firefox<\/strong>: Herramientas&gt; Opciones&gt; Privacidad&gt; Historial&gt; Configuraci\u00f3n Personalizada.<\/li><\/ul>\n\n\n\n<p>Consulta el<a href=\"http:\/\/support.mozilla.org\/es\/home\"> soporte de Mozilla<\/a> o la Ayuda del navegador.<\/p>\n\n\n\n<ul class=\"wp-block-list\"><li><strong>Google Chrome<\/strong>: Configuraci\u00f3n&gt; Mostrar opciones avanzadas &gt; Privacidad&gt; Configuraci\u00f3n de contenido.<\/li><\/ul>\n\n\n\n<p>Consulta el<a href=\"http:\/\/support.google.com\/chrome\/?hl=es\"> soporte de Google<\/a> o la Ayuda del navegador.<\/p>\n\n\n\n<ul class=\"wp-block-list\"><li><strong>Safari (Apple)<\/strong>: Preferencias&gt; Seguridad.<\/li><\/ul>\n\n\n\n<p>Consulta el<a href=\"http:\/\/www.apple.com\/es\/support\/safari\/\"> soporte de Apple<\/a> o la Ayuda del navegador.<\/p>\n\n\n\n<ul class=\"wp-block-list\"><li><strong>Opera (Opera Software):<\/strong> Configuraci\u00f3n &gt; Opciones &gt; Avanzado &gt; Cookies<\/li><\/ul>\n\n\n\n<p>Consulta el<a href=\"http:\/\/help.opera.com\/Windows\/11.50\/es-ES\/cookies.html\"> soporte de Opera<\/a> o la Ayuda del navegador.<\/p>\n\n\n\n<p>Si usa otro navegador, consulte su pol\u00edtica de instalaci\u00f3n, uso y bloqueo de cookies. No obstante, usando la herramienta<a href=\"http:\/\/www.youronlinechoices.com\/\"> www.youronlinechoices.com<\/a>, podr\u00e1 encontrar informaci\u00f3n \u00fatil y configurar, proveedor por proveedor, sus preferencias sobre las cookies.<\/p>\n\n\n\n<p><strong>\u00bfS\u00f3lo existen cookies?<\/strong><\/p>\n\n\n\n<p>Puede ser que haya webs que usen otras formas de almacenamiento similar a las cookies pero con m\u00e1s capacidad, como otras formas de almacenamiento local de datos en el equipo del cliente, por ejemplo:<\/p>\n\n\n\n<ul class=\"wp-block-list\"><li>LocalStorage y sessionStorage de HTML5: Espacio que la web puede usar en el equipo del usuario. Normalmente borrando el historial de Navegaci\u00f3n se pueden borrar.<\/li><li>Los &#8220;Local Shared Objects&#8221; de Flash (el &#8220;isolated storage&#8221; de Silverlight): Se almacenan dentro de la carpeta de Microsoft de donde tiene el perfil de usuario. Hay que entrar en la carpeta y borrarlo. (Ejemplo: los videos de vimeo).<br>Flash sirve para incorporar elementos multimedia en una web, y para ello almacena ficheros en el equipo del usuario.<\/li><li>El web beacon sirve para rastrear tu actividad, insertando una mini-imagen de la que ni siquiera te percates. Cuando navegas por la web, se te carga junto con la p\u00e1gina, y el servidor de d\u00f3nde se descarga la foto, registra la hora del acceso, o las veces que has accedido.<\/li><\/ul>\n\n\n\n<p>Estos archivos son m\u00e1s intrusivos que las cookies, ya que son m\u00e1s complicados de eliminar, guardan m\u00e1s informaci\u00f3n, y son independientes al navegador que se use. Nosotros no usamos este tipo de almacenamiento.<\/p>\n","protected":false},"excerpt":{"rendered":"<p>POL\u00cdTICA DE COOKIES Y ALMACENAMIENTO LOCAL Pol\u00edtica de cookies: Seg\u00fan la Ley 34\/2002, de 11 de julio, de Servicios de la Sociedad de la Informaci\u00f3n y Comercio Electr\u00f3nico le informamos de que este sitio web usa Cookies para mejorar y optimizar la experiencia del usuario. A continuaci\u00f3n encontrar\u00e1 informaci\u00f3n detallada sobre qu\u00e9 son las \u201cCookies\u201d,&#8230; <\/p>\n","protected":false},"author":1,"featured_media":0,"parent":0,"menu_order":51,"comment_status":"closed","ping_status":"closed","template":"","meta":{"_joinchat":[],"footnotes":""},"class_list":["post-200","page","type-page","status-publish","hentry"],"yoast_head":"<!-- This site is optimized with the Yoast SEO plugin v25.6 - https:\/\/yoast.com\/wordpress\/plugins\/seo\/ -->\n<title>Pol\u00edtica de Cookies - PSICOLOGIA INFANTIL MALLORCA<\/title>\n<meta name=\"robots\" content=\"index, follow, max-snippet:-1, max-image-preview:large, max-video-preview:-1\" \/>\n<link rel=\"canonical\" href=\"https:\/\/psicologiainfantilmallorca.com\/catala\/cookies\/\" \/>\n<meta property=\"og:locale\" content=\"ca_ES\" \/>\n<meta property=\"og:type\" content=\"article\" \/>\n<meta property=\"og:title\" content=\"Pol\u00edtica de Cookies - PSICOLOGIA INFANTIL MALLORCA\" \/>\n<meta property=\"og:description\" content=\"POL\u00cdTICA DE COOKIES Y ALMACENAMIENTO LOCAL Pol\u00edtica de cookies: Seg\u00fan la Ley 34\/2002, de 11 de julio, de Servicios de la Sociedad de la Informaci\u00f3n y Comercio Electr\u00f3nico le informamos de que este sitio web usa Cookies para mejorar y optimizar la experiencia del usuario. A continuaci\u00f3n encontrar\u00e1 informaci\u00f3n detallada sobre qu\u00e9 son las \u201cCookies\u201d,...\" \/>\n<meta property=\"og:url\" content=\"https:\/\/psicologiainfantilmallorca.com\/catala\/cookies\/\" \/>\n<meta property=\"og:site_name\" content=\"PSICOLOGIA INFANTIL MALLORCA\" \/>\n<meta property=\"article:modified_time\" content=\"2024-11-14T06:41:48+00:00\" \/>\n<meta name=\"twitter:card\" content=\"summary_large_image\" \/>\n<meta name=\"twitter:label1\" content=\"Temps estimat de lectura\" \/>\n\t<meta name=\"twitter:data1\" content=\"8 minuts\" \/>\n<script type=\"application\/ld+json\" class=\"yoast-schema-graph\">{\"@context\":\"https:\/\/schema.org\",\"@graph\":[{\"@type\":\"WebPage\",\"@id\":\"https:\/\/psicologiainfantilmallorca.com\/catala\/cookies\/\",\"url\":\"https:\/\/psicologiainfantilmallorca.com\/catala\/cookies\/\",\"name\":\"Pol\u00edtica de Cookies - PSICOLOGIA INFANTIL MALLORCA\",\"isPartOf\":{\"@id\":\"https:\/\/psicologiainfantilmallorca.com\/catala\/#website\"},\"datePublished\":\"2021-04-06T07:41:00+00:00\",\"dateModified\":\"2024-11-14T06:41:48+00:00\",\"breadcrumb\":{\"@id\":\"https:\/\/psicologiainfantilmallorca.com\/catala\/cookies\/#breadcrumb\"},\"inLanguage\":\"ca\",\"potentialAction\":[{\"@type\":\"ReadAction\",\"target\":[\"https:\/\/psicologiainfantilmallorca.com\/catala\/cookies\/\"]}]},{\"@type\":\"BreadcrumbList\",\"@id\":\"https:\/\/psicologiainfantilmallorca.com\/catala\/cookies\/#breadcrumb\",\"itemListElement\":[{\"@type\":\"ListItem\",\"position\":1,\"name\":\"Portada\",\"item\":\"https:\/\/psicologiainfantilmallorca.com\/catala\/\"},{\"@type\":\"ListItem\",\"position\":2,\"name\":\"Pol\u00edtica de Cookies\"}]},{\"@type\":\"WebSite\",\"@id\":\"https:\/\/psicologiainfantilmallorca.com\/catala\/#website\",\"url\":\"https:\/\/psicologiainfantilmallorca.com\/catala\/\",\"name\":\"PSICOLOGIA INFANTIL MALLORCA\",\"description\":\"psicologiainfantilmallorca.com\",\"potentialAction\":[{\"@type\":\"SearchAction\",\"target\":{\"@type\":\"EntryPoint\",\"urlTemplate\":\"https:\/\/psicologiainfantilmallorca.com\/catala\/?s={search_term_string}\"},\"query-input\":{\"@type\":\"PropertyValueSpecification\",\"valueRequired\":true,\"valueName\":\"search_term_string\"}}],\"inLanguage\":\"ca\"}]}<\/script>\n<!-- \/ Yoast SEO plugin. -->","yoast_head_json":{"title":"Pol\u00edtica de Cookies - PSICOLOGIA INFANTIL MALLORCA","robots":{"index":"index","follow":"follow","max-snippet":"max-snippet:-1","max-image-preview":"max-image-preview:large","max-video-preview":"max-video-preview:-1"},"canonical":"https:\/\/psicologiainfantilmallorca.com\/catala\/cookies\/","og_locale":"ca_ES","og_type":"article","og_title":"Pol\u00edtica de Cookies - PSICOLOGIA INFANTIL MALLORCA","og_description":"POL\u00cdTICA DE COOKIES Y ALMACENAMIENTO LOCAL Pol\u00edtica de cookies: Seg\u00fan la Ley 34\/2002, de 11 de julio, de Servicios de la Sociedad de la Informaci\u00f3n y Comercio Electr\u00f3nico le informamos de que este sitio web usa Cookies para mejorar y optimizar la experiencia del usuario. A continuaci\u00f3n encontrar\u00e1 informaci\u00f3n detallada sobre qu\u00e9 son las \u201cCookies\u201d,...","og_url":"https:\/\/psicologiainfantilmallorca.com\/catala\/cookies\/","og_site_name":"PSICOLOGIA INFANTIL MALLORCA","article_modified_time":"2024-11-14T06:41:48+00:00","twitter_card":"summary_large_image","twitter_misc":{"Temps estimat de lectura":"8 minuts"},"schema":{"@context":"https:\/\/schema.org","@graph":[{"@type":"WebPage","@id":"https:\/\/psicologiainfantilmallorca.com\/catala\/cookies\/","url":"https:\/\/psicologiainfantilmallorca.com\/catala\/cookies\/","name":"Pol\u00edtica de Cookies - PSICOLOGIA INFANTIL MALLORCA","isPartOf":{"@id":"https:\/\/psicologiainfantilmallorca.com\/catala\/#website"},"datePublished":"2021-04-06T07:41:00+00:00","dateModified":"2024-11-14T06:41:48+00:00","breadcrumb":{"@id":"https:\/\/psicologiainfantilmallorca.com\/catala\/cookies\/#breadcrumb"},"inLanguage":"ca","potentialAction":[{"@type":"ReadAction","target":["https:\/\/psicologiainfantilmallorca.com\/catala\/cookies\/"]}]},{"@type":"BreadcrumbList","@id":"https:\/\/psicologiainfantilmallorca.com\/catala\/cookies\/#breadcrumb","itemListElement":[{"@type":"ListItem","position":1,"name":"Portada","item":"https:\/\/psicologiainfantilmallorca.com\/catala\/"},{"@type":"ListItem","position":2,"name":"Pol\u00edtica de Cookies"}]},{"@type":"WebSite","@id":"https:\/\/psicologiainfantilmallorca.com\/catala\/#website","url":"https:\/\/psicologiainfantilmallorca.com\/catala\/","name":"PSICOLOGIA INFANTIL MALLORCA","description":"psicologiainfantilmallorca.com","potentialAction":[{"@type":"SearchAction","target":{"@type":"EntryPoint","urlTemplate":"https:\/\/psicologiainfantilmallorca.com\/catala\/?s={search_term_string}"},"query-input":{"@type":"PropertyValueSpecification","valueRequired":true,"valueName":"search_term_string"}}],"inLanguage":"ca"}]}},"_links":{"self":[{"href":"https:\/\/psicologiainfantilmallorca.com\/catala\/wp-json\/wp\/v2\/pages\/200","targetHints":{"allow":["GET"]}}],"collection":[{"href":"https:\/\/psicologiainfantilmallorca.com\/catala\/wp-json\/wp\/v2\/pages"}],"about":[{"href":"https:\/\/psicologiainfantilmallorca.com\/catala\/wp-json\/wp\/v2\/types\/page"}],"author":[{"embeddable":true,"href":"https:\/\/psicologiainfantilmallorca.com\/catala\/wp-json\/wp\/v2\/users\/1"}],"replies":[{"embeddable":true,"href":"https:\/\/psicologiainfantilmallorca.com\/catala\/wp-json\/wp\/v2\/comments?post=200"}],"version-history":[{"count":6,"href":"https:\/\/psicologiainfantilmallorca.com\/catala\/wp-json\/wp\/v2\/pages\/200\/revisions"}],"predecessor-version":[{"id":3436,"href":"https:\/\/psicologiainfantilmallorca.com\/catala\/wp-json\/wp\/v2\/pages\/200\/revisions\/3436"}],"wp:attachment":[{"href":"https:\/\/psicologiainfantilmallorca.com\/catala\/wp-json\/wp\/v2\/media?parent=200"}],"curies":[{"name":"wp","href":"https:\/\/api.w.org\/{rel}","templated":true}]}}